{"id":9432,"date":"2023-07-08T15:36:16","date_gmt":"2023-07-08T13:36:16","guid":{"rendered":"http:\/\/www.rk-dubrava.hr\/web\/?page_id=9432"},"modified":"2025-01-29T10:01:42","modified_gmt":"2025-01-29T09:01:42","slug":"postani-vepric","status":"publish","type":"page","link":"http:\/\/www.rk-dubrava.hr\/web\/?page_id=9432","title":{"rendered":"POSTANI VEPRI\u0106 &#8211; UPI\u0160I \u0160KOLU RUKOMETA"},"content":{"rendered":"\n<figure class=\"wp-block-image size-large\"><img decoding=\"async\" loading=\"lazy\" width=\"724\" height=\"1024\" src=\"https:\/\/www.rk-dubrava.hr\/web\/wp-content\/uploads\/2024\/09\/Blue-Yellow-Modern-School-Admission-A4-Flyer-724x1024.jpg\" alt=\"\" class=\"wp-image-9669\" srcset=\"http:\/\/www.rk-dubrava.hr\/web\/wp-content\/uploads\/2024\/09\/Blue-Yellow-Modern-School-Admission-A4-Flyer-724x1024.jpg 724w, http:\/\/www.rk-dubrava.hr\/web\/wp-content\/uploads\/2024\/09\/Blue-Yellow-Modern-School-Admission-A4-Flyer-212x300.jpg 212w, http:\/\/www.rk-dubrava.hr\/web\/wp-content\/uploads\/2024\/09\/Blue-Yellow-Modern-School-Admission-A4-Flyer-768x1086.jpg 768w, http:\/\/www.rk-dubrava.hr\/web\/wp-content\/uploads\/2024\/09\/Blue-Yellow-Modern-School-Admission-A4-Flyer-500x707.jpg 500w, http:\/\/www.rk-dubrava.hr\/web\/wp-content\/uploads\/2024\/09\/Blue-Yellow-Modern-School-Admission-A4-Flyer-1086x1536.jpg 1086w, http:\/\/www.rk-dubrava.hr\/web\/wp-content\/uploads\/2024\/09\/Blue-Yellow-Modern-School-Admission-A4-Flyer-750x1061.jpg 750w, http:\/\/www.rk-dubrava.hr\/web\/wp-content\/uploads\/2024\/09\/Blue-Yellow-Modern-School-Admission-A4-Flyer-400x566.jpg 400w, http:\/\/www.rk-dubrava.hr\/web\/wp-content\/uploads\/2024\/09\/Blue-Yellow-Modern-School-Admission-A4-Flyer.jpg 1414w\" sizes=\"(max-width: 724px) 100vw, 724px\" \/><\/figure>\n\n\n\n<h2 class=\"wp-block-heading\">UPI\u0160I SE U NA\u0160U \u0160KOLU RUKOMETA !<\/h2>\n\n\n\n<p class=\"has-medium-font-size\">Na\u0161a je \u0161kola rukometa jedna od najpoznatijih i najuspje\u0161nijih u Hrvatskoj. Kroz godine i godine sustavnog rada s najmla\u0111ima, na\u0161 je klub stvorio velik broj vrhunskih rukometa\u0161a. Treninzi, utakmice, doma\u0107i i me\u0111unarodni turniri, dru\u017eenja i nova rukometna prijateljstva &#8211; Samo su dio iskustva koje na\u0161i rukometa\u0161i do\u017eivljavaju treniraju\u0107i u na\u0161em klubu. S mladim rukometa\u0161ima rade stru\u010dni i licencirani treneri. Tijekom cijele godine upisujemo nove \u010dlanove \u017eeljne dru\u017eenja, socijalizacije, upoznavanja novih prijatelja i u\u010denja osnova rukometa i sportskog pona\u0161anja. Treninzi se odr\u017eavaju u vi\u0161e osnovnih \u0161kola na podru\u010dju Dubrave.<\/p>\n\n\n\n<p><\/p>\n\n\n\n<p><\/p>\n\n\n\n<p class=\"has-medium-font-size\"><\/p>\n\n\n\n<p class=\"has-medium-font-size\">Treninzi se odr\u017eavaju u 6 dvorana na podru\u010dju Dubrave, ovisno o uzrasnoj kategoriji i grupi. Za sve informacije, trener <strong>Tin \u0160eremet<\/strong> dostupan je za va\u0161e upite &#8211; <strong>098\/468444<\/strong>. (dje\u010daci 2014. &#8211; 2018. godi\u0161te) <\/p>\n\n\n\n<p class=\"has-medium-font-size\"><\/p>\n\n\n\n<p class=\"has-medium-font-size\"><\/p>\n","protected":false},"excerpt":{"rendered":"<p>UPI\u0160I SE U NA\u0160U \u0160KOLU RUKOMETA ! Na\u0161a je \u0161kola rukometa jedna od najpoznatijih i najuspje\u0161nijih u Hrvatskoj. Kroz godine i godine sustavnog rada s najmla\u0111ima, na\u0161 je klub stvorio [&hellip;]<\/p>\n","protected":false},"author":1,"featured_media":0,"parent":0,"menu_order":0,"comment_status":"closed","ping_status":"closed","template":"","meta":{"footnotes":""},"_links":{"self":[{"href":"http:\/\/www.rk-dubrava.hr\/web\/index.php?rest_route=\/wp\/v2\/pages\/9432"}],"collection":[{"href":"http:\/\/www.rk-dubrava.hr\/web\/index.php?rest_route=\/wp\/v2\/pages"}],"about":[{"href":"http:\/\/www.rk-dubrava.hr\/web\/index.php?rest_route=\/wp\/v2\/types\/page"}],"author":[{"embeddable":true,"href":"http:\/\/www.rk-dubrava.hr\/web\/index.php?rest_route=\/wp\/v2\/users\/1"}],"replies":[{"embeddable":true,"href":"http:\/\/www.rk-dubrava.hr\/web\/index.php?rest_route=%2Fwp%2Fv2%2Fcomments&post=9432"}],"version-history":[{"count":13,"href":"http:\/\/www.rk-dubrava.hr\/web\/index.php?rest_route=\/wp\/v2\/pages\/9432\/revisions"}],"predecessor-version":[{"id":9685,"href":"http:\/\/www.rk-dubrava.hr\/web\/index.php?rest_route=\/wp\/v2\/pages\/9432\/revisions\/9685"}],"wp:attachment":[{"href":"http:\/\/www.rk-dubrava.hr\/web\/index.php?rest_route=%2Fwp%2Fv2%2Fmedia&parent=9432"}],"curies":[{"name":"wp","href":"https:\/\/api.w.org\/{rel}","templated":true}]}}